of 108?
False
Is 338 a factor of 216320?
True
Is 8 a factor of 1871913?
False
Is 237599 a multiple of 352?
False
Does 175 divide 14443100?
True
Does 169 divide 6717919?
True
Is 143 a factor of 889603?
True
Is 9809454 a multiple of 2139?
True
Is 1151557 a multiple of 153?
False
Does 21 divide 19722?
False
Is 53 a factor of 2632727?
False
Is 98568 a multiple of 19?
False
Is 1189188 a multiple of 28?
True
Is 5224257 a multiple of 29?
False
Does 147 divide 3622815?
True
Does 49 divide 3799362?
True
Is 766350 a multiple of 195?
True
Is 231647 a multiple of 78?
False
Is 54992 a multiple of 8?
True
Is 111672 a multiple of 216?
True
Does 34 divide 96103?
False
Is 252 a factor of 594064?
False
Is 4141202 a multiple of 482?
False
Is 434 a factor of 509082?
True
Is 131 a factor of 524393?
True
Is 1690460 a multiple of 314?
False
Is 31 a factor of 2424268?
False
Does 29 divide 1238097?
True
Is 6465548 a multiple of 622?
False
Does 7 divide 7729772?
False
Is 125101 a multiple of 100?
False
Is 23 a factor of 1448448?
True
Is 25 a factor of 264175?
True
Does 88 divide 3281031?
False
Is 1788060 a multiple of 10?
True
Does 10 divide 48592?
False
Does 1476 divide 25037388?
True
Is 3643614 a multiple of 46?
True
Is 1333470 a multiple of 5?
True
Is 283 a factor of 2895557?
False
Does 23 divide 4441035?
False
Does 726 divide 1993596?
True
Is 22036 a multiple of 14?
True
Is 12 a factor of 544274?
False
Is 3073735 a multiple of 53?
True
Is 68 a factor of 3944?
True
Does 154 divide 107338?
True
Does 575 divide 595623?
False
Does 2 divide 46510?
True
Does 67 divide 3520917?
True
Does 170 divide 635145?
False
Does 257 divide 2036087?
False
Is 23146 a multiple of 3?
False
Is 10 a factor of 4855040?
True
Does 125 divide 2298520?
False
Does 22 divide 829664?
True
Is 676474 a multiple of 15?
False
Is 3438909 a multiple of 603?
True
Is 1664395 a multiple of 20?
False
Is 191 a factor of 522767?
True
Is 309 a factor of 1580227?
False
Is 43 a factor of 213710?
True
Is 252985 a multiple of 291?
False
Is 13 a factor of 7181081?
False
Does 400 divide 19947600?
True
Is 24422 a multiple of 3?
False
Is 6 a factor of 10056?
True
Is 46 a factor of 8560968?
True
Is 20 a factor of 222960?
True
Is 140103 a multiple of 147?
False
Does 997 divide 564164?
False
Is 3 a factor of 311615?
False
Does 216 divide 459216?
True
Is 79 a factor of 5134447?
True
Is 137 a factor of 17485?
False
Is 21 a factor of 330392?
False
Is 2956 a factor of 5243944?
True
Is 855006 a multiple of 477?
False
Is 1301592 a multiple of 499?
False
Is 3 a factor of 679351?
False
Does 26 divide 72280?
True
Is 7 a factor of 108409?
True
Does 128 divide 344576?
True
Does 34 divide 37536?
True
Is 435 a factor of 769126?
False
Does 37 divide 17301585?
False
Does 11 divide 437858?
False
Is 125280 a multiple of 36?
True
Does 17 divide 125723?
False
Does 10 divide 1291960?
True
Does 24 divide 87533?
False
Is 221 a factor of 2844877?
False
Does 57 divide 809970?
True
Is 39228 a multiple of 6?
True
Is 18 a factor of 285085?
False
Is 48106 a multiple of 67?
True
Is 1504259 a multiple of 10?
False
Does 43 divide 878947?
False
Does 296 divide 3166608?
True
Does 607 divide 1996532?
False
Does 15 divide 300360?
True
Is 460 a factor of 813740?
True
Does 12 divide 190725?
False
Is 634989 a multiple of 27?
False
Is 866332 a multiple of 6?
False
Does 906 divide 963984?
True
Does 658 divide 1299245?
False
Does 195 divide 120900?
True
Is 34950 a multiple of 21?
False
Does 40 divide 1864861?
False
Is 184 a factor of 2898160?
False
Does 1834 divide 6386893?
False
Is 21 a factor of 15969996?
True
Does 29 divide 5854990?
False
Is 1016 a factor of 1974713?
False
Is 72518 a multiple of 6?
False
Is 12 a factor of 501000?
True
Is 179 a factor of 4847607?
False
Is 221 a factor of 249749?
False
Is 487 a factor of 8843?
False
Is 3410608 a multiple of 194?
False
Does 192 divide 134223?
False
Is 4 a factor of 2037559?
False
Does 113 divide 7701683?
False
Is 96 a factor of 3439029?
False
Is 43 a factor of 114638?
True
Is 194 a factor of 3927526?
False
Is 21 a factor of 5850684?
True
Is 7764470 a multiple of 103?
False
Is 21 a factor of 333684?
False
Is 2308957 a multiple of 17?
True
Is 20 a factor of 2393440?
True
Does 290 divide 10310660?
True
Does 206 divide 17694782?
True
Is 3485052 a multiple of 15?
False
Is 2968624 a multiple of 290?
False
Is 20116 a multiple of 94?
True
Does 31 divide 1378290?
False
Is 12 a factor of 1647889?
False
Does 110 divide 2084059?
False
Is 14 a factor of 86743?
False
Is 1874160 a multiple of 19?
True
Is 938010 a multiple of 15?
True
Is 9 a factor of 8500595?
False
Is 241 a factor of 202199?
True
Does 293 divide 1683871?
True
Is 3 a factor of 33583?
False
Does 9 divide 8984110?
False
Is 1606 a multiple of 4?
False
Is 84 a factor of 27389?
False
Is 863588 a multiple of 209?
True
Is 27 a factor of 115776?
True
Is 94 a factor of 458626?
True
Is 1305326 a multiple of 29?
False
Is 730832 a multiple of 427?
False
Does 156 divide 73632?
True
Is 163 a factor of 215790?
False
Is 553568 a multiple of 136?
False
Is 3329775 a multiple of 225?
True
Is 372080 a multiple of 78?
False
Does 133 divide 351652?
True
Is 120044 a multiple of 55?
False
Is 2 a factor of 76780?
True
Is 104814 a multiple of 146?
False
Does 1486 divide 5612027?
False
Is 51 a factor of 266843?
False
Does 132 divide 157688?
False
Is 298080 a multiple of 27?
True
Does 41 divide 1966524?
True
Is 662 a factor of 525628?
True
Is 813987 a multiple of 607?
True
Is 175 a factor of 1623300?
True
Does 743 divide 3338306?
False
Is 368868 a multiple of 42?
False
Is 29010 a multiple of 10?
True
Is 218 a factor of 2272232?
False
Does 16 divide 397808?
True
Is 12798 a multiple of 115?
False
Is 86 a factor of 634157?
False
Is 2 a factor of 4165337?
False
Is 14339707 a multiple of 17?
False
Is 48 a factor of 74443?
False
Does 24 divide 1795656?
True
Does 39 divide 4249533?
False
Is 28 a factor of 159691?
False
Is 17668 a multiple of 28?
True
Is 1207504 a multiple of 16?
True
Is 30444 a multiple of 177?
True
Is 234356 a multiple of 9?
False
Is 32364 a multiple of 174?
True
Does 584 divide 3075344?
True
Is 47 a factor of 12079?
True
Does 154 divide 247016?
True
Is 6110 a multiple of 10?
True
Does 456 divide 146736?
False
Does 93 divide 608039?
False
Is 453 a factor of 243714?
True
Is 2 a factor of 13344?
True
Is 76 a factor of 6839620?
True
Does 99 divide 23364?
True
Is 152369 a multiple of 190?
False
Does 18 divide 4904838?
True
Is 15284 a multiple of 29?
False
Is 10784358 a multiple of 2711?
True
Does 22 divide 5172919?
False
Is 44 a factor of 799392?
True
Does 310 divide 3290666?
False
Does 704 divide 1894825?
False
Does 22 divide 16742?
True
Is 6 a factor of 55770?
True
Is 9386486 a multiple of 74?
False
Does 72 divide 183744?
True
Is 138 a factor of 138828?
True
Does 7 divide 482034?
True
Does 774 divide 424128?
False
Does 12 divide 389952?
True
Does 3 divide 567940?
False
Is 43 a factor of 309815?
True
Is 90583 a multiple of 4?
False
Does 65 divide 331045?
True
Is 53 a factor of 412446?
True
Is 17280 a multiple of 240?
True
Does 137 divide 829946?
True
Does 30 divide 1189785?
False
Is 4 a factor of 24368?
True
Is 12 a factor of 6586017?
False
Is 218577 even?
False
Is 81288 a multiple of 4?
True
Is 16 a factor of 1166825?
False
Does 70 divide 15914360?
True
Is 34416 a multiple of 193?
False
Is 579600 a multiple of 69?
True
Does 8 divide 424384?
True
Is 442232 a multiple of 53?
True
Is 204 a factor of 23865?
False
Is 2794902 a multiple of 561?
True
Is 26 a factor of 355576?
True
Does 177 divide 5469878?
False
Is 552 a factor of 1260216?
True
Is 1133 a factor of 2936134?
False
Is 14948672 a multiple of 131?
True
Is 232661 a multiple of 3?
False
Is 1187 a factor of 13636256?
True
Is 109428 a multiple of 44?
True
Does 8 divide 244112?
True
Is 338 a factor of 13111020?
True
Is 370 a factor of 8071180?
True
Does 255 divide 554115?
True
Is 19 a factor of 13831278?
True
Does 38 divide 3762418?
True
Is 165440 a multiple of 55?
True
Does 96 divide 918989?
False
Does 232 divide 80272?
True
Does 270 divide 3048570?
True
Is 147 a factor of 4409702?
False
Does 158 divide 269548?
True
Does 11 divide 334146?
False
Is 12 a factor of 636831?
False
Does 237 divide 41001?
True
Is 23 a factor of 59